tors of f?
3, 5, 11, 173
Let l(i) = -8*i + 159. Let z be l(19). Suppose 8865 = z*r + 8*r. List the prime factors of r.
3, 197
Suppose -221*q + 27013 = -204*q. What are the prime factors of q?
7, 227
Let d = 9582 - 2016. What are the prime factors of d?
2, 3, 13, 97
Let i(l) = 28*l + 63. Let s be -1*3/(-9)*(-4 + 37). Let g(h) = -9*h - 21. Let w(v) = s*g(v) + 4*i(v). What are the prime factors of w(7)?
2, 7
Suppose 22*n + 27*n = 95256. Suppose 3*g = 4*v - 2936, -5*v - g + n + 1726 = 0. What are the prime factors of v?
2, 367
Let d(w) = w**2 + 8*w + 5. Let g be d(-8). Let s = 2473 + -1653. Suppose -s = g*t - 10*t. What are the prime factors of t?
2, 41
List the prime factors of -4 + (-1)/((-300)/42 - -7) - -62685.
2, 3, 653
Suppose 15*r + 128 = 31*r. List the prime factors of (-9912)/(-64) - (-1)/r.
5, 31
Suppose -2*i = -a - 6, 0 = 3*a + 2*i + 3*i + 62. Let o be 8/(-28) - (0 - 164/a). List the prime factors of (-3 + -8)*(o + 2).
2, 5, 11
Let q = -12020 + 17864. What are the prime factors of q?
2, 3, 487
Suppose -40 = -5*d - 3*j, 18*j - 17*j - 30 = -5*d. Suppose -5*w - 1710 = -d*b, 4*b - 2*w = -w + 1353. List the prime factors of b.
337
Let p be (-6)/((-10)/(-52) + (-2)/8). Let a = p + -97. List the prime factors of -1*a/((-35)/120).
2, 3
What are the prime factors of 416/312 + ((-22)/5)/(3/(-715))?
2, 3, 5, 7
Suppose 4*q - 4*h - 36 = 0, -2*q - 2*h + 4 + 14 = 0. Let t = q + 151. Let m = 279 - t. What are the prime factors of m?
7, 17
Let r be 808/(-10) - ((-120)/25 + 5). What are the prime factors of 11448/r*(-3)/2?
2, 53
Suppose -4*y + 6*k = 2*k - 684, 179 = y + 3*k. Suppose -y*a = -182*a + 7290. What are the prime factors of a?
2, 3, 5
Let w be ((-49)/(-35))/7 + (-627)/(-15). Suppose 0 = 2*n + b + 78, -5*n = 3*b - 1 + 197. Let t = n + w. List the prime factors of t.
2
Let x(k) = 24*k**2 + 2*k + 9. Let m(i) = -i**2 + 10*i - 26. Let h be m(3). What are the prime factors of x(h)?
599
Suppose u + 2*v = 6*v + 213, 2*u - v - 433 = 0. Suppose -6*x = 883 - 19. Let l = x + u. List the prime factors of l.
73
Suppose s + y - 5992 = 0, -y + 29 = 36. List the prime factors of s.
7, 857
Let q(k) = -75 - 124*k + 157 - 81. Let b(v) = 123*v - 1. Let p(j) = 5*b(j) + 4*q(j). List the prime factors of p(2).
3, 79
List the prime factors of (17 + -32)/((-75)/9)*15595.
3, 3119
Let c(w) = w**3 + 3*w**2 - 5*w + 12. Let y = 48 - 45. Let d(v) = -v**3 - 6*v**2 + 9*v - 23. Let s(u) = y*d(u) + 5*c(u). What are the prime factors of s(4)?
79
Suppose -2934 = 33*l - 39*l + 8844. List the prime factors of l.
13, 151
Let d(k) be the third derivative of 103*k**4/24 + 145*k**3/6 + 19*k**2. What are the prime factors of d(6)?
7, 109
Suppose -9*c - 4077554 = -22*c. What are the prime factors of c/341 - (-4)/22?
2, 5, 23
Let k(x) = -x**3 - 105*x**2 - 223*x + 302. List the prime factors of k(-105).
37, 641
Let n(o) = 83*o**3 + 5*o**2 + 21*o + 34. What are the prime factors of n(4)?
2, 5, 19, 29
Let z(n) = -n**2 - 9*n + 4. Let h be z(-17). Let r = h - -298. What are the prime factors of r?
2, 83
Let x = 62 + -12. Suppose -106 = 4*o + x. Let r = 112 + o. What are the prime factors of r?
73
Let d = 5232 + -1280. Let w be d/44 + 2/11. Suppose -4*o + w + 78 = 0. What are the prime factors of o?
2, 3, 7
Let n(u) = -u**3 + 8*u**2 + 2*u - 58. Let b be n(7). What are the prime factors of b/(15/18) - (-7436)/13?
2, 17
Let d = -1156 + 1898. Suppose -3*w + 2*r = -d, -2*w = r - 3*r - 496. What are the prime factors of w?
2, 3, 41
Let b be (1/2*3)/((-1)/(-2)). List the prime factors of -11 + 13 + 7 + b + -2.
2, 5
Let k = 597 - 328. Suppose -k + 1306 = 4*b - 5*f, -3*b - 4*f + 801 = 0. What are the prime factors of b?
263
Let u be (864/12)/(-6) + 7. Let s(w) = w**3 - 13 - 2*w**3 + 6*w**2 - 6*w + 2*w**3. List the prime factors of s(u).
2, 3, 7
Let v = 4874 - 1220. List the prime factors of v.
2, 3, 7, 29
Let g be 4*2/(-6)*18/(-12). Let i(m) = -8*m + 7*m**2 + 3*m**2 - 3 - 4*m**g - 5*m**2. List the prime factors of i(-8).
5
Let l = -20612 + 33477. List the prime factors of l.
5, 31, 83
Let b = 4654 - -202. List the prime factors of b.
2, 607
List the prime factors of -4 + (5 - (-7643 + -10)).
2, 43, 89
Let d = 10754 + -7360. What are the prime factors of d?
2, 1697
Suppose 2*i = 3*i - 6. Suppose 0 = 2*u - i*u + 3*g - 45, -g - 1 = 0. List the prime factors of (u/24)/((-2)/648).
2, 3
Let p(m) = 3*m**3 - m. Let c be p(1). Let f be 42 - -5 - -4*1. Suppose -f = -c*a + 91. List the prime factors of a.
71
What are the prime factors of 107854/16 - (-3 - (-161)/56)?
3, 7, 107
Suppose 5*z = -p + 46035, -2*z + 46050 = -6*p + 7*p. List the prime factors of p.
2, 5, 7, 47
Let q = 36 + 12. Suppose 0*t + q = -2*t. What are the prime factors of 2*77 + (t/(-2))/(-4)?
151
Let o = 1433 + -1232. What are the prime factors of o?
3, 67
Let j(m) = 2*m - 2. Let f be j(2). Suppose -5*l - 4 = -3*h, l + 0 + 6 = -f*h. Let i = l - -85. List the prime factors of i.
83
Suppose 67*t + 478159 - 2096410 = 0. What are the prime factors of t?
3, 83, 97
Let w(q) = -3*q**3 - 18*q**2 - 135*q + 52. What are the prime factors of w(-12)?
2, 13, 41
Suppose 20 = 4*o, 2418 = -3*r - 3*o + 7287. What are the prime factors of r?
2, 809
Suppose -3*d + 630 = 4*c - 2105, 4*d = -2*c + 1380. Suppose 0 = x - 197 - c. What are the prime factors of x?
877
Suppose 0 = 4*m - 12 - 0. Suppose 4*s = 2*k - 0*s - 22, 2*s - 31 = -5*k. Suppose 86 = 3*z + 5*h, -2*h = m*z - k*h - 136. What are the prime factors of z?
37
Suppose -73298 - 111631 = -24*i - 36465. What are the prime factors of i?
2, 3, 1031
Let c be ((-350)/(-40))/((-3)/12). Let l = c - -40. Suppose -2*y = -3*x + 183, l*x - 3*y + 2*y = 298. What are the prime factors of x?
59
Suppose 10*y - 14*y = -1004. Suppose 61 + y = -6*g. Let d = g + 135. What are the prime factors of d?
83
Suppose -72 = -14*d + 68. Suppose 16*g - 636 = d*g. List the prime factors of g.
2, 53
Let l = -434 - -456. Suppose -6642 = -l*m + 4908. What are the prime factors of m?
3, 5, 7
Suppose -4*w - m + 119040 - 40681 = 0, w - 19611 = 4*m. List the prime factors of w.
11, 13, 137
Let j(i) be the second derivative of i**4/12 - 3*i**3/2 + 31*i**2 - 73*i + 1. List the prime factors of j(5).
2, 3, 7
Let p(c) = -6*c + 20. Let b be p(3). Suppose -2*a = -2*y + 602, 4*y + b*a = 9*y - 1502. What are the prime factors of y?
2, 3, 5
Let o = -15 + 13. Let y be -3*10/12*o. Suppose 0*z - y*u = 3*z - 211, -5*z + 2*u + 393 = 0. List the prime factors of z.
7, 11
Let s = -4971 + 8129. List the prime factors of s.
2, 1579
Suppose -j + 230 = 3*r - 963, 3*j - 3603 = -r. List the prime factors of j.
2, 601
Suppose -2*i + 8 = -0*i. Suppose -i*r = -8*r + 16. What are the prime factors of 10/(2/(72/r))?
2, 3, 5
What are the prime factors of 35/3*(-14328)/(-60)?
2, 7, 199
Let a(v) = v**3 + 9*v + 392. Suppose 0 = 35*l - 37*l. List the prime factors of a(l).
2, 7
Suppose 2*r = 3*g - 9, 3*r - 12*g + 16*g = 29. Let z(t) = -t + 1. Let p(l) = -19*l - 2. Let w(q) = -p(q) + 2*z(q). What are the prime factors of w(r)?
5, 11
Let t = -338 - -201. Let z = 397 + t. List the prime factors of z.
2, 5, 13
Let h be 8936/(-36) - (-6)/27 - 6. What are the prime factors of (4 + h/(-6))/((-7)/(-252))?
2, 3, 139
Suppose 5*r = 4*i + 307167, -19054 - 42383 = -r + 2*i. List the prime factors of r.
3, 20477
Let j(a) be the third derivative of 7/3*a**3 + 13/24*a**4 - 17*a**2 + 0*a + 17/60*a**5 + 0 + 1/120*a**6. List the prime factors of j(-16).
2, 31
Suppose -45759 = -503*a + 250*a + 246*a. List the prime factors of a.
3, 2179
Let n = 28 + -30. Let r be n/(-7) + (-38)/(-14). List the prime factors of ((-95)/25 + r)*-15.
2, 3
Suppose 0 = 8*d - 4 - 36. Suppose -6*k = -k - d*q - 2085, -5*k + 2105 = -q. List the prime factors of k.
2, 211
Suppose -3*h + 2241*i + 62214 = 2244*i, 3*i = -18. What are the prime factors of h?
2, 2593
Suppose -53*a = -52*a + 2*d - 5967, a - d - 5982 = 0. What are the prime factors of a?
43, 139
List the prime factors of (-55514)/(-9) + 680/180 + -4.
2, 3, 257
Let r(d) = d**3 + 10*d**2 + 14*d + 11. Let u be r(-11). Let g = 457 + u. Suppose 7*n = 6*n + g. What are the prime factors of n?
193
Let u(p) = -4*p - 12. Let g(w) = -12*w - 35. Let x(i) = -3*g(i) + 8*u(i). Let o be x(-1). Let b(l) = 20*l + 16. List the prime factors of b(o).
2, 29
Suppose -10*o = 1889 - 38